2 - 2*t - 1. What are the prime factors of k(2)?
3, 13
Let k = -2 - 1. List the prime factors of 2*(-3 - -5) - k.
7
Let k(z) = z**3 - z**2 + z + 2. Suppose 6*y = 2*y. Let b = 0 - y. List the prime factors of k(b).
2
Suppose 5*r + 16 = -2*o, 2*r = 2*o - 1 + 3. What are the prime factors of (20/(-16))/(r/40)?
5
Suppose -3*q - 2*l + 6 = -12, 0 = -2*q + 2*l + 12. Let k = q - 3. List the prime factors of 8 + 6/k + -4.
2, 3
What are the prime factors of 34992/312 + (2/(-13) - 0)?
2, 7
Let q be (-45)/(-3) - 2 - 3. What are the prime factors of (8 - q)/((-2)/8)?
2
Let q(j) = -2*j**3 - 2*j**2 - 2*j - 2. Let x be q(-4). Let v = x - 43. List the prime factors of v.
59
Let j be 54/10 + (-4)/10. Let v(i) = -i**3 + 4*i**2 + 6*i - 3. Let d be v(j). Suppose -5*z + 2*q = -44, d*q - 28 = -3*z - z. What are the prime factors of z?
2
Let n(t) = -5*t**2 + 6*t - 4*t - 9 + 3*t**2 + 4*t. Let f be n(6). What are the prime factors of 4*(f/(-6))/3?
2, 5
Let n(p) = p**3 + 4*p**2 + 5. Let d be ((-40)/(-50))/((-1)/5). What are the prime factors of n(d)?
5
What are the prime factors of ((-66)/9 - -1)*-6?
2, 19
Let j(v) = -12*v**2 - v + 2. Let h be j(-2). Let g = -25 - h. What are the prime factors of g?
19
Suppose 0 = 28*l - 30*l + 84. List the prime factors of l.
2, 3, 7
Suppose -2*k - 18 = -4*k. Let j(a) = -a**3 + 9*a**2 + 3*a + 13. What are the prime factors of j(k)?
2, 5
Suppose -5 = h - 3. Let a be ((-2)/(-6))/(h/18). What are the prime factors of 18/(-12)*32/a?
2
Suppose -5*g + 13 = -7. Let z be (-2)/(-2) - (48/(-6) - 5). List the prime factors of (z/(-4))/(g/(-8)).
7
Suppose -679 = -4*l + 3*z + 100, 4*z = 3*l - 593. What are the prime factors of l?
191
Let l(t) = t**3 + t**2 - 2*t - 1. Let z be l(2). Suppose 3 = 6*y - z*y. What are the prime factors of 2/((-33)/12 - y)?
2
Suppose -9 = a + a - 3*l, -a + l = 2. Suppose 3*c + 15 = y - 5, 12 = -a*c. What are the prime factors of y?
2
List the prime factors of 39 + (-3 - 0) - -1.
37
Let a(g) = -6 - 1 + 5 + 2*g. Let t be 3/((-3)/(-6) + 1). List the prime factors of a(t).
2
Let k(c) = -c**3 - 11*c**2 - 13*c + 14. What are the prime factors of k(-10)?
2, 11
Let h = 1 - 0. Let k = h + -1. Suppose -3*c - t - 2 + 23 = k, 2*t - 35 = -5*c. List the prime factors of c.
7
Let n be ((-120)/4)/((-1)/2). List the prime factors of ((-16)/(-10))/(6/n).
2
What are the prime factors of 167 + 5/(15/(-9))?
2, 41
Let k(l) = l + 7. Let h be k(-3). Let f(y) = 2*y**2 - 3*y + 6. Let v be f(h). Suppose -2*u = -2*m - 2*m + v, 2*m = -2*u + 22. What are the prime factors of m?
2
Let x = 21 + -30. Let s(r) = -r**2 + r + 1. Let u(g) = 5*g**2 - 15*g - 1. Let z(l) = 6*s(l) + u(l). List the prime factors of z(x).
5
Let t = -11 + 70. What are the prime factors of t?
59
Let v(x) = 6*x**2 - 13*x + 4. What are the prime factors of v(5)?
89
Let m(b) = -b**2 - 5*b - 10. Let l be m(-8). Let n = l - -88. What are the prime factors of n?
2, 3
Let l(v) = 4*v**3 - 4*v**2 + 2*v - 2. List the prime factors of l(3).
2, 19
Suppose -153 - 294 = -3*b. What are the prime factors of b?
149
List the prime factors of 32/(4/1) + 1.
3
Suppose 4*n - 17 = 207. What are the prime factors of 4/(-14) + 408/n?
7
Suppose -6 = -3*g, 4*n + 5*g = n - 98. Let d = n - -59. What are the prime factors of d?
23
Let f(d) = d**2 - 5*d - 5. List the prime factors of f(-4).
31
Let a(f) = f + 1. Let l(t) = -t**2 + 5*t + 9. Let k(m) = 3*a(m) - l(m). List the prime factors of k(-5).
29
Suppose 5*h + 2 = 4*h. Let f(j) = -10*j - 3. What are the prime factors of f(h)?
17
List the prime factors of 105/(-14)*16/(-3).
2, 5
Let l(h) = -4*h + 49. List the prime factors of l(-17).
3, 13
Let i = 1 + 2. Suppose -t + 0*t = i. List the prime factors of (-32)/(-6) - (-1)/t.
5
Suppose 3*d - 12 - 27 = 4*u, d = -3*u. Suppose 3*j - 27 = n, -4*j - 3*n + 14 + d = 0. Suppose -a = a - j. What are the prime factors of a?
2
Suppose -42 - 198 = 4*t. Let z = -43 - t. What are the prime factors of z?
17
Let c(l) = -6 + 2*l - l - 2. Let z be c(0). What are the prime factors of (z/(-2) - -1) + 0?
5
Suppose -4*y + y + 18 = 0. Suppose 0 = 3*t - 0 - y, 3*p + 5*t = 31. What are the prime factors of p?
7
Let y be 21/28 + (-6)/8. Suppose y = 3*a - 0*a - 9. List the prime factors of a.
3
Suppose 0 = -5*g - x + 11 + 16, x - 2 = 0. Suppose 2*i + g - 23 = 0. What are the prime factors of i/(1 + (-1)/(-2))?
2, 3
Let o(l) be the third derivative of -l**6/60 - l**5/60 + l**4/24 - 2*l**3/3 - 8*l**2. What are the prime factors of o(-3)?
2, 19
Let p be (-44)/(-6) + (-4)/12. Let b(w) = -w**3 + 8*w**2 - 5*w - 5. What are the prime factors of b(p)?
3
Let y = -99 - -171. What are the prime factors of y?
2, 3
Let v(h) = -8*h. Let a be v(1). Let f = a + 17. Suppose 3*j = 2*j + f. List the prime factors of j.
3
Let w(u) = 14*u + 2. Let l be w(2). Suppose 5*p + 0*y - 98 = 4*y, -2*p + l = 3*y. List the prime factors of p.
2, 3
Let s(r) = -r + 5 - 5 + 16. Suppose 3*o + 2*o = 50. What are the prime factors of s(o)?
2, 3
Suppose -77 = -2*d + 3*l, 6*l + 195 = 5*d + l. List the prime factors of d.
2, 5
Let w(q) = 0*q + 4 + 4*q + 0. Let v be w(-4). What are the prime factors of (v + 1 + -1)*-1?
2, 3
Suppose -6 = 2*i - z - 89, -z - 209 = -5*i. List the prime factors of i.
2, 3, 7
Let s(z) = -z**3 + 9*z**2 - 4*z - 10. What are the prime factors of s(8)?
2, 11
Suppose -9 = 8*z - 11*z. Suppose z*v + 2*c = 5*c + 39, -3*v - c + 27 = 0. List the prime factors of v.
2, 5
Let d(g) = -g**3 - 5*g**2 - 7*g + 2. List the prime factors of d(-5).
37
Let d(u) = -u**3 - 5*u**2 + 3*u - 8. Let f(w) = w**3 + 6*w**2 - 4*w + 8. Let g(q) = -2*d(q) - 3*f(q). What are the prime factors of g(-9)?
19
Let u be (-6)/(-24) + (-30)/(-8). Suppose -3*g - u + 16 = 0. List the prime factors of g.
2
Let q(w) = -48*w + 33. Let d(t) = -3*t + 2. Let o(n) = -33*d(n) + 2*q(n). Let s be o(2). List the prime factors of -3 + s*14/4.
2, 3
Let b(o) = o. Let d be b(5). Suppose 81 = d*y - 19. List the prime factors of y.
2, 5
Suppose -16 = -r + 9. Suppose 0 = -4*c + 22 - 2. Suppose -c*x + 70 = r. What are the prime factors of x?
3
Let d = -121 - -173. List the prime factors of d.
2, 13
Let g(w) = w**3 + 8*w**2 - 5*w + 4. Let t be g(-8). List the prime factors of t/(-6)*(-6)/4.
11
Suppose 12 = o + 3*o. Suppose 0 = -3*u - 3*t - 2*t + 78, o*u - t = 60. List the prime factors of u/2 - (-4)/(-8).
2, 5
Let u be ((-16)/(-6) - 1)*3. Suppose 0*x + 2*d + u = -x, 0 = 3*d + 12. Let a = x - -1. What are the prime factors of a?
2
Suppose 79 = 6*n - 77. What are the prime factors of n?
2, 13
Suppose t + 28 = -5*i, -4*t + 15 - 51 = i. Let k(s) = -s**2 - 9*s + 1. Let f be k(t). Let h = 22 - f. What are the prime factors of h?
13
Let s = -53 + 99. What are the prime factors of s?
2, 23
Let w(m) = m - 5. Let a be w(7). Let g be 0 - (-1 - -2 - a). Suppose g + 4 = y. List the prime factors of y.
5
Suppose 0 = 4*b - 3*r - 419, -2*b - 278 = -5*b - 5*r. List the prime factors of b.
101
Let n(w) = 4*w**2 + 8*w + 9. What are the prime factors of n(-10)?
7, 47
Let k(i) = 4*i + 3. Let d be k(-5). Suppose 5*p + 0*p - 140 = 0. Let f = d + p. List the prime factors of f.
11
What are the prime factors of (-1916)/(-36) + 2/(-9)?
53
Suppose -4*w + 20 = -4*b, -w - w = -b - 7. Suppose -w*f + 3 = -5. Suppose -f*r - 12 = -44. What are the prime factors of r?
2
Suppose -5*k + 15 = -0*k. Suppose 30 = k*f - 0*f. What are the prime factors of f?
2, 5
Suppose -4*w + 12 + 0 = 0. Suppose 4*c + 5*s - 2*s = 35, -w*c + s = -36. Let t = c + 1. List the prime factors of t.
2, 3
Suppose 3*d = -4*y + 225, 56 = 3*y - 4*d - 119. What are the prime factors of y?
3, 19
Let s be (-10)/(-25) + (-652)/(-20). Let a = -15 + s. List the prime factors of a.
2, 3
Let d = -11 - 2. Let t = 26 + d. What are the prime factors of t?
13
Suppose 5*u - 83 = -8. Suppose -3*f + u = -f + z, -5*z = -5*f. Suppose -5*j - 1 + 15 = i, 4*i = f*j + 6. List the prime factors of i.
2
Let s(g) = g**3 + 5*g**2 - g - 4. Suppose -2*x = -3*a + x + 3, 0 = -3*a - 3*x - 21. What are the prime factors of s(a)?
17
Suppose 3*r = 26 - 146. List the prime factors of (3 - 9)/2 - r.
37
Suppose -4*y + 4 = -3*y. Let m = y + 24. What are the prime factors of m?
2, 7
Let c = 237 - 116. List the prime factors of c.
11
Suppose -5*l + i = -28, -l + i + 6 - 2 = 0. What are the prime factors of l?
2, 3
Le